f 136561005.
3, 5, 7, 23, 61, 103
List the prime factors of 446921669.
446921669
What are the prime factors of 56218522?
2, 4091, 6871
What are the prime factors of 2324315864?
2, 13, 277, 80683
List the prime factors of 449513335.
5, 1373, 65479
What are the prime factors of 8285989515?
3, 5, 269, 2053529
What are the prime factors of 87129778?
2, 31, 1405319
List the prime factors of 25889917.
53, 557, 877
What are the prime factors of 1452031236?
2, 3, 41, 67, 14683
What are the prime factors of 99982675?
5, 13, 307639
What are the prime factors of 1530720529?
13, 5233, 22501
What are the prime factors of 32280955?
5, 7, 131759
List the prime factors of 585631418.
2, 541, 541249
What are the prime factors of 462321272?
2, 7, 79, 14929
What are the prime factors of 1257704324?
2, 211, 1490171
What are the prime factors of 2536710216?
2, 3, 17, 19, 19249
What are the prime factors of 2442213?
3, 271357
List the prime factors of 640755768.
2, 3, 2203, 12119
What are the prime factors of 79576482?
2, 3, 13262747
What are the prime factors of 3907305403?
97, 1249, 32251
List the prime factors of 460410388.
2, 17, 31, 37, 5903
List the prime factors of 4521618252.
2, 3, 19, 41, 161233
What are the prime factors of 241428577?
13, 17, 179, 359
What are the prime factors of 1882422262?
2, 7, 3823, 35171
What are the prime factors of 20980509?
3, 11, 223, 2851
What are the prime factors of 843100488?
2, 3, 1301081
List the prime factors of 90791205.
3, 5, 2129, 2843
What are the prime factors of 9694873374?
2, 3, 1615812229
What are the prime factors of 108903655?
5, 7, 313, 9941
What are the prime factors of 2079143442?
2, 3, 37, 3121837
What are the prime factors of 1340980415?
5, 151, 1776133
What are the prime factors of 100548250?
2, 5, 11, 36563
List the prime factors of 371395046.
2, 11, 109, 154877
What are the prime factors of 71100978?
2, 3, 13, 73, 12487
What are the prime factors of 30280656?
2, 3, 7, 90121
What are the prime factors of 383016186?
2, 3, 7, 3039811
What are the prime factors of 340531046?
2, 17, 293, 34183
What are the prime factors of 485573018?
2, 7, 34683787
What are the prime factors of 153112268?
2, 17, 317, 7103
What are the prime factors of 27065052?
2, 3, 7, 67, 229
What are the prime factors of 66666542?
2, 271, 123001
What are the prime factors of 167207657?
19, 8800403
What are the prime factors of 11169393?
3, 31, 83, 1447
List the prime factors of 1462051948.
2, 7, 23, 2270267
List the prime factors of 377138164.
2, 13, 7252657
What are the prime factors of 508788857?
43, 11832299
What are the prime factors of 3059300514?
2, 3, 173, 193, 15271
List the prime factors of 24968048.
2, 7, 31847
List the prime factors of 31240812.
2, 3, 2603401
What are the prime factors of 1476090807?
3, 17, 29, 97, 10289
What are the prime factors of 70304139?
3, 2603857
What are the prime factors of 127140803?
23, 5527861
What are the prime factors of 12140215?
5, 2428043
List the prime factors of 144165069.
3, 5339447
List the prime factors of 289933124.
2, 13, 23, 242419
List the prime factors of 2490133490.
2, 5, 13, 19154873
List the prime factors of 273208766.
2, 23, 31, 283, 677
What are the prime factors of 150411206?
2, 11, 17, 41, 577
List the prime factors of 3203829475.
5, 7, 11, 73, 3257
List the prime factors of 45578382.
2, 3, 7596397
List the prime factors of 59162129.
13, 4550933
What are the prime factors of 76995845?
5, 15399169
What are the prime factors of 59922736?
2, 43, 251, 347
What are the prime factors of 145578652?
2, 36394663
What are the prime factors of 60620311?
947, 64013
What are the prime factors of 63823848?
2, 3, 11, 17, 14221
What are the prime factors of 3324619953?
3, 369402217
What are the prime factors of 1225172833?
2069, 592157
List the prime factors of 38377580.
2, 5, 1918879
List the prime factors of 52622116.
2, 13155529
What are the prime factors of 1992463881?
3, 1217, 545731
List the prime factors of 162722545.
5, 853, 38153
What are the prime factors of 2444405229?
3, 7, 1847623
What are the prime factors of 3824180612?
2, 7, 199, 686321
List the prime factors of 6915701264.
2, 617, 700537
What are the prime factors of 975723041?
17, 37, 1551229
List the prime factors of 285974051.
11, 17, 1529273
What are the prime factors of 2279364483?
3, 11, 73, 86017
What are the prime factors of 117747416?
2, 43, 101, 3389
What are the prime factors of 5235587867?
5235587867
What are the prime factors of 210560577?
3, 70186859
What are the prime factors of 95441707?
95441707
List the prime factors of 14254914.
2, 3, 2375819
What are the prime factors of 4107002514?
2, 3, 83, 8246993
List the prime factors of 4362838162.
2, 2181419081
What are the prime factors of 2198523135?
3, 5, 43, 3408563
What are the prime factors of 128479098?
2, 3, 11, 17, 43, 2663
List the prime factors of 13708118.
2, 6854059
List the prime factors of 154676931.
3, 17, 563, 5387
List the prime factors of 576527897.
11, 47, 61, 101, 181
List the prime factors of 178881643.
37, 4834639
What are the prime factors of 66675258?
2, 3, 13, 17, 37, 151
List the prime factors of 2433711897.
3, 107, 2527219
What are the prime factors of 447963206?
2, 31, 67, 107839
What are the prime factors of 279997679?
13, 1656791
What are the prime factors of 261563442?
2, 3, 7, 6227701
What are the prime factors of 967798866?
2, 3, 5113, 31547
List the prime factors of 95605390.
2, 5, 9560539
What are the prime factors of 597691425?
3, 5, 7969219
What are the prime factors of 54426956?
2, 13606739
What are the prime factors of 22934171?
13, 101, 17467
What are the prime factors of 2124561811?
2124561811
List the prime factors of 3466087607.
1237, 2802011
List the prime factors of 656933201.
29, 41, 151, 3659
List the prime factors of 247408060.
2, 5, 83, 103, 1447
List the prime factors of 50426621.
7, 29, 248407
What are the prime factors of 295571493?
3, 7, 557, 8423
What are the prime factors of 56097166?
2, 31, 904793
List the prime factors of 130783389.
3, 11, 31, 127843
List the prime factors of 717753290.
2, 5, 59, 83, 14657
What are the prime factors of 44166125?
5, 353329
What are the prime factors of 70161931?
7, 67, 211, 709
What are the prime factors of 108937658?
2, 31, 593, 2963
List the prime factors of 6794425765.
5, 1358885153
What are the prime factors of 1108148903?
1108148903
List the prime factors of 176342288.
2, 23, 479191
List the prime factors of 1374958752.
2, 3, 14322487
What are the prime factors of 2073117709?
13, 181, 571, 1543
List the prime factors of 89905358.
2, 44952679
List the prime factors of 129379645.
5, 19, 241, 5651
List the prime factors of 1130738886.
2, 3, 20939609
What are the prime factors of 6930275067?
3, 47, 16383629
List the prime factors of 1148568010.
2, 5, 1549, 74149
List the prime factors of 118734547.
157, 756271
What are the prime factors of 106380120?
2, 3, 5, 7, 11, 29, 397
List the prime factors of 1720089541.
241, 7137301
What are the prime factors of 14786507?
997, 14831
What are the prime factors of 215188785?
3, 5, 7, 61, 3733
List the prime factors of 251081101.
29, 8657969
List the prime factors of 87953865.
3, 5, 5863591
What are the prime factors of 151360006?
2, 7, 211, 51239
List the prime factors of 1066635.
3, 5, 7901
What are the prime factors of 1379116183?
10331, 133493
What are the prime factors of 670134816?
2, 3, 13, 59663
What are the prime factors of 31759276?
2, 139, 239
What are the prime factors of 1321177992?
2, 3, 55049083
What are the prime factors of 222710589?
3, 1999, 12379
List the prime factors of 135511271.
7, 1103, 17551
What are the prime factors of 2747226597?
3, 915742199
What are the prime factors of 161881171?
941, 172031
List the prime factors of 7430605223.
7430605223
What are the prime factors of 141086286?
2, 3, 11, 19, 463
List the prime factors of 6412030301.
17, 19, 19851487
List the prime factors of 527627347.
13, 31, 1309249
List the prime factors of 160414558.
2, 23, 3487273
What are the prime factors of 5852433?
3, 853, 2287
List the prime factors of 8454104.
2, 101, 10463
What are the prime factors of 339871244?
2, 137, 277, 2239
What are the prime factors of 3037577791?
419, 7249589
List the prime factors of 2312834443.
3